{"id":17193,"date":"2024-08-19T09:23:13","date_gmt":"2024-08-19T07:23:13","guid":{"rendered":"https:\/\/amplitude-laser.com\/?post_type=events&#038;p=17193"},"modified":"2024-08-19T09:23:13","modified_gmt":"2024-08-19T07:23:13","slug":"iop-photon-2024","status":"publish","type":"events","link":"https:\/\/amplitude-laser.com\/fr\/evenements\/iop-photon-2024\/","title":{"rendered":"IOP Photon 2024"},"content":{"rendered":"<p>Venez nous rencontrer au Photon 2024 \u2013 Stand #07 \u2013 \u00e0 Swansea ! Ashley, Responsable des Ventes Europe, sera sur place pour \u00e9changer sur vos projets r\u00e9cents et vous pr\u00e9senter les derni\u00e8res innovations technologiques d&rsquo;Amplitude. Photon 2024 s&rsquo;annonce comme un \u00e9v\u00e9nement incontournable, avec des opportunit\u00e9s uniques d&rsquo;\u00e9couter des experts de renomm\u00e9e, d&rsquo;assister \u00e0 des conf\u00e9rences captivantes et de d\u00e9couvrir les avanc\u00e9es les plus r\u00e9centes dans le domaine des technologies optiques et photoniques. Le programme propose des sessions pl\u00e9ni\u00e8res, des conf\u00e9rences invit\u00e9es, des pr\u00e9sentations orales et des posters.<\/p>\n","protected":false},"featured_media":0,"template":"","acf":[],"_links":{"self":[{"href":"https:\/\/amplitude-laser.com\/fr\/wp-json\/wp\/v2\/events\/17193","targetHints":{"allow":["GET"]}}],"collection":[{"href":"https:\/\/amplitude-laser.com\/fr\/wp-json\/wp\/v2\/events"}],"about":[{"href":"https:\/\/amplitude-laser.com\/fr\/wp-json\/wp\/v2\/types\/events"}],"wp:attachment":[{"href":"https:\/\/amplitude-laser.com\/fr\/wp-json\/wp\/v2\/media?parent=17193"}],"curies":[{"name":"wp","href":"https:\/\/api.w.org\/{rel}","templated":true}]}}

<p>Venez nous rencontrer au Photon 2024 – Stand #07 – à Swansea ! Ashley, Responsable des Ventes Europe, sera sur place pour échanger sur vos projets récents et vous présenter les dernières innovations technologiques d&rsquo;Amplitude. Photon 2024 s&rsquo;annonce comme un événement incontournable, avec des opportunités uniques d&rsquo;écouter des experts de renommée, d&rsquo;assister à des conférences captivantes et de découvrir les avancées les plus récentes dans le domaine des technologies optiques et photoniques. Le programme propose des sessions plénières, des conférences invitées, des présentations orales et des posters.</p>
