{"id":17199,"date":"2024-08-19T09:47:20","date_gmt":"2024-08-19T07:47:20","guid":{"rendered":"https:\/\/amplitude-laser.com\/?post_type=events&#038;p=17199"},"modified":"2024-08-19T09:47:20","modified_gmt":"2024-08-19T07:47:20","slug":"isuils-2024","status":"publish","type":"events","link":"https:\/\/amplitude-laser.com\/fr\/evenements\/isuils-2024\/","title":{"rendered":"ISUILS 2024"},"content":{"rendered":"<p>La 21e \u00e9dition du Symposium International sur les Sciences des Lasers Intenses et Ultrarapides se tiendra cette ann\u00e9e en Cor\u00e9e. Rejoignez Vice-Pr\u00e9sident Pierre-Marie Paul et le Responsable du D\u00e9veloppement Commercial Olivier Zabiolle, qui pr\u00e9senteront les derni\u00e8res avanc\u00e9es en solutions laser \u00e0 haute intensit\u00e9 et en science de l&rsquo;attoseconde. Cette \u00e9dition comm\u00e9morera \u00e9galement le Prix Nobel de Physique 2023. C&rsquo;est une occasion unique de rencontrer des experts de premier plan et de d\u00e9couvrir les d\u00e9veloppements les plus innovants dans ce domaine.<\/p>\n","protected":false},"featured_media":0,"template":"","acf":[],"_links":{"self":[{"href":"https:\/\/amplitude-laser.com\/fr\/wp-json\/wp\/v2\/events\/17199","targetHints":{"allow":["GET"]}}],"collection":[{"href":"https:\/\/amplitude-laser.com\/fr\/wp-json\/wp\/v2\/events"}],"about":[{"href":"https:\/\/amplitude-laser.com\/fr\/wp-json\/wp\/v2\/types\/events"}],"wp:attachment":[{"href":"https:\/\/amplitude-laser.com\/fr\/wp-json\/wp\/v2\/media?parent=17199"}],"curies":[{"name":"wp","href":"https:\/\/api.w.org\/{rel}","templated":true}]}}

<p>La 21e édition du Symposium International sur les Sciences des Lasers Intenses et Ultrarapides se tiendra cette année en Corée. Rejoignez Vice-Président Pierre-Marie Paul et le Responsable du Développement Commercial Olivier Zabiolle, qui présenteront les dernières avancées en solutions laser à haute intensité et en science de l&rsquo;attoseconde. Cette édition commémorera également le Prix Nobel de Physique 2023. C&rsquo;est une occasion unique de rencontrer des experts de premier plan et de découvrir les développements les plus innovants dans ce domaine.</p>
