{"id":20413,"date":"2026-04-07T15:07:26","date_gmt":"2026-04-07T13:07:26","guid":{"rendered":"https:\/\/amplitude-laser.com\/?post_type=events&#038;p=20413"},"modified":"2026-04-07T15:07:27","modified_gmt":"2026-04-07T13:07:27","slug":"opic","status":"publish","type":"events","link":"https:\/\/amplitude-laser.com\/fr\/evenements\/opic\/","title":{"rendered":"OPIC"},"content":{"rendered":"\n<p>Retrouvez Business Development Manager Olivier \u00e0 l\u2019Optics &amp; Photonics International Congress \u00e0 Yokohama, au Japon \u2013 un rendez-vous annuel r\u00e9unissant des chercheurs de premier plan et des experts de l\u2019industrie autour des derni\u00e8res avanc\u00e9es en optique et photonique.<\/p>\n\n\n\n<p>Lors de cette \u00e9dition, d\u00e9couvrez nos derni\u00e8res avanc\u00e9es \u00e0 travers une pr\u00e9sentation poster au sein de HEDS : \u00ab Versatile Joule-class OPA as front-end laser for inertial fusion research \u00bb, et assistez \u00e0 nos contributions dans trois sessions de conf\u00e9rence :<\/p>\n\n\n\n<ul class=\"wp-block-list\">\n<li>LSSE : Post-compression d\u2019un laser ytterbium ultrarapide \u00e0 haute cadence de r\u00e9p\u00e9tition pour l\u2019acc\u00e9l\u00e9ration laser-plasma<\/li>\n\n\n\n<li>ALPS : Source OPCPA \u00e0 fort contraste temporel pour lasers Ti:Sa de classe p\u00e9tawatt<\/li>\n\n\n\n<li>LSC : Source laser bas\u00e9e sur l\u2019ytterbium, polyvalente, pour des sources X r\u00e9solues en temps<\/li>\n<\/ul>\n\n\n\n<p>Nous serons ravis d\u2019\u00e9changer avec la communaut\u00e9 photonique et de partager notre expertise en solutions laser haute performance pour des applications scientifiques avanc\u00e9es.<\/p>\n","protected":false},"featured_media":20412,"template":"","acf":[],"_links":{"self":[{"href":"https:\/\/amplitude-laser.com\/fr\/wp-json\/wp\/v2\/events\/20413","targetHints":{"allow":["GET"]}}],"collection":[{"href":"https:\/\/amplitude-laser.com\/fr\/wp-json\/wp\/v2\/events"}],"about":[{"href":"https:\/\/amplitude-laser.com\/fr\/wp-json\/wp\/v2\/types\/events"}],"wp:featuredmedia":[{"embeddable":true,"href":"https:\/\/amplitude-laser.com\/fr\/wp-json\/wp\/v2\/media\/20412"}],"wp:attachment":[{"href":"https:\/\/amplitude-laser.com\/fr\/wp-json\/wp\/v2\/media?parent=20413"}],"curies":[{"name":"wp","href":"https:\/\/api.w.org\/{rel}","templated":true}]}}

<p>Retrouvez Business Development Manager Olivier à l’Optics &amp; Photonics International Congress à Yokohama, au Japon – un rendez-vous annuel réunissant des chercheurs de premier plan et des experts de l’industrie autour des dernières avancées en optique et photonique.</p>



<p>Lors de cette édition, découvrez nos dernières avancées à travers une présentation poster au sein de HEDS : « Versatile Joule-class OPA as front-end laser for inertial fusion research », et assistez à nos contributions dans trois sessions de conférence :</p>



<ul class="wp-block-list">
<li>LSSE : Post-compression d’un laser ytterbium ultrarapide à haute cadence de répétition pour l’accélération laser-plasma</li>



<li>ALPS : Source OPCPA à fort contraste temporel pour lasers Ti:Sa de classe pétawatt</li>



<li>LSC : Source laser basée sur l’ytterbium, polyvalente, pour des sources X résolues en temps</li>
</ul>



<p>Nous serons ravis d’échanger avec la communauté photonique et de partager notre expertise en solutions laser haute performance pour des applications scientifiques avancées.</p>
