{"id":20977,"date":"2026-07-15T16:23:20","date_gmt":"2026-07-15T14:23:20","guid":{"rendered":"https:\/\/amplitude-laser.com\/events\/21st-international-microscopy-congress\/"},"modified":"2026-07-15T16:34:20","modified_gmt":"2026-07-15T14:34:20","slug":"21st-international-microscopy-congress","status":"publish","type":"events","link":"https:\/\/amplitude-laser.com\/fr\/evenements\/21st-international-microscopy-congress\/","title":{"rendered":"21st International Microscopy Congress"},"content":{"rendered":"\n<p class=\"wp-block-paragraph\">Retrouvez <strong>Nicolas Valero et Simon Mauret<\/strong> au <strong>21st International Microscopy Congress<\/strong> !<\/p>\n\n\n\n<p class=\"wp-block-paragraph\">Venez \u00e9changer avec nos experts, d\u00e9couvrir nos derni\u00e8res innovations en <strong>technologie laser<\/strong> et discuter de vos futurs projets en microscopie et imagerie avanc\u00e9e.<\/p>\n\n\n\n<p class=\"wp-block-paragraph\"><\/p>\n","protected":false},"featured_media":20978,"template":"","acf":[],"_links":{"self":[{"href":"https:\/\/amplitude-laser.com\/fr\/wp-json\/wp\/v2\/events\/20977","targetHints":{"allow":["GET"]}}],"collection":[{"href":"https:\/\/amplitude-laser.com\/fr\/wp-json\/wp\/v2\/events"}],"about":[{"href":"https:\/\/amplitude-laser.com\/fr\/wp-json\/wp\/v2\/types\/events"}],"wp:featuredmedia":[{"embeddable":true,"href":"https:\/\/amplitude-laser.com\/fr\/wp-json\/wp\/v2\/media\/20978"}],"wp:attachment":[{"href":"https:\/\/amplitude-laser.com\/fr\/wp-json\/wp\/v2\/media?parent=20977"}],"curies":[{"name":"wp","href":"https:\/\/api.w.org\/{rel}","templated":true}]}}

<p class="wp-block-paragraph">Retrouvez <strong>Nicolas Valero et Simon Mauret</strong> au <strong>21st International Microscopy Congress</strong> !</p>



<p class="wp-block-paragraph">Venez échanger avec nos experts, découvrir nos dernières innovations en <strong>technologie laser</strong> et discuter de vos futurs projets en microscopie et imagerie avancée.</p>



<p class="wp-block-paragraph"></p>
